s**2 + 2*s. Let h be y(z). Suppose -o + h = 2*n + 3*n, -2*n - 20 = -5*o. List the prime factors of o.
2
Suppose 0 = -0*t - 2*t + 72. Let x = -26 + t. List the prime factors of x.
2, 5
Let x(w) = -5*w - 1. Let o be x(-3). Suppose 0 = i - 3*i + o. What are the prime factors of i?
7
What are the prime factors of -7 + 6 + 3*76?
227
Let c(u) = u**3 + 12*u**2 + 11*u - 10. Let g be c(-11). Let d = g + 37. List the prime factors of d.
3
Suppose i - 15 = u - 2*i, -3*u - 2*i - 1 = 0. Let v(k) = k - 1. Let h(n) = -n**2 - 11*n - 8. Let w(a) = u*v(a) - h(a). What are the prime factors of w(-8)?
11
Let v = -79 + 53. What are the prime factors of (-264)/(-26) - (-4)/v?
2, 5
Suppose -2*s + 3*j + 8 = 4*j, -4*j + 26 = 5*s. Suppose -5*r = -i - 16, s*i = -0*i - 4*r + 38. What are the prime factors of i?
3
Suppose 2*p = 3*x - 3*p - 356, 0 = -2*x + 2*p + 236. Suppose f = -2*f + x. List the prime factors of f.
3, 13
Suppose 0 = 7*p + 27 - 202. List the prime factors of p.
5
Let q be 4/18 - 1672/72. Let o = q + 9. List the prime factors of ((-16)/(-10))/(o/(-105)).
2, 3
Let p(n) = n**3 + 4*n**2 - 2*n - 2. Let d be (-22)/2 + 2 + -1. Let z = 6 + d. List the prime factors of p(z).
2, 3
Let h(v) = v**3 + v - 8. Let r be h(0). Suppose 55 = 5*q - 0*q. Let n = q + r. List the prime factors of n.
3
Let w(y) = y**2 - 4*y - 14. List the prime factors of w(10).
2, 23
Let u(p) = p + 13. Let q(o) = 6*o + 1. Let j be q(1). Let f(m) = -m - 13. Let s(i) = j*u(i) + 6*f(i). List the prime factors of s(0).
13
Suppose -z + 4*t = -168, 0 = -2*z + 3*t - 0*t + 311. List the prime factors of z.
2, 37
Suppose -k = -4 + 1. Suppose 2*j = -k + 55. What are the prime factors of (-3 - 1)*j/(-8)?
13
Let t(y) = -y**2 + 7*y - 6. Let n be (-2)/8 - 21/(-4). Suppose 0 = n*m + 5*o - 30, -5*o + 3 = -2. List the prime factors of t(m).
2
Let p(q) = 3*q - 1. Let t(j) = -j**2 - 5*j + 1. Let m be t(-4). What are the prime factors of p(m)?
2, 7
Let b = 35 + 15. Suppose -73 = -4*y + 5*k, -y + b = 2*y + k. What are the prime factors of y?
17
Let z(k) = 3*k**2 - k + 3. Let p be z(-3). Suppose d = 4*d - p. List the prime factors of d.
11
Suppose -4*d - 48 = -8*d. What are the prime factors of -1 - (-4)/(d/93)?
2, 3, 5
Let o = 2 + 4. List the prime factors of o.
2, 3
Let p = -32 - -271. What are the prime factors of p?
239
What are the prime factors of ((-18)/6 + -15)/(4/(-42))?
3, 7
Let d = -8 + 11. Suppose 2*n + d*s + 0 = 2, -3*n - 3*s = -6. List the prime factors of n.
2
Suppose 0 = -3*b - 4*u + 34 + 10, 4*u = 3*b - 52. What are the prime factors of b?
2
Let y(b) = b**2 - 1. Let u be y(1). Suppose 0 = -4*z + 2*j, u = 5*z - 6*z + 5*j. Let m = 14 - z. What are the prime factors of m?
2, 7
What are the prime factors of ((-2)/8*-6)/(12/176)?
2, 11
Let n be (-438)/(-14) - 10/35. Let c = 50 - n. What are the prime factors of c?
19
Let z(u) = -u**3 + 5*u**2 + 2*u - 2. Let s be z(4). Suppose 0 = -4*q + s + 106. List the prime factors of q.
2
Let g(t) = -2*t - 5. Let u be g(-6). Let s be (15/(-6))/(1/(-2)). Suppose -s*r = -4*r - u. What are the prime factors of r?
7
Let d(t) = t**2 + 1 + 8 + 20. Let s be d(0). Suppose 0 = -5*i + 5*u + 10, s + 0 = 2*i + 3*u. List the prime factors of i.
7
Let y = 37 + 1. What are the prime factors of y?
2, 19
Let r = -183 - -294. What are the prime factors of r?
3, 37
Let z(t) = 2*t**2 + 25*t - 19. List the prime factors of z(-15).
2, 7
Let x(k) be the second derivative of k**3/2 + 3*k. List the prime factors of x(3).
3
Let q(m) = -2*m - 6. Let f be q(-5). Suppose -2*k + 6 = -f*x, k + 3*k = -3*x + 56. Let g = -1 + k. What are the prime factors of g?
2, 5
Let z(n) = n**3 - 10*n**2 + 18*n - 7. List the prime factors of z(8).
3
Suppose 2*r = r - 8. List the prime factors of 4*-18*2/r.
2, 3
Let o(m) = -m**2 - 6*m - 5. Let q be o(-5). Let r = q - -4. Suppose v + 4*h = 12, -r*h + 5*h - 2 = 0. What are the prime factors of v?
2
Let l be -1 + (-2 - -3) - 0. Suppose l*v = 5*v - 110. List the prime factors of v.
2, 11
Let z(v) = -4*v**2 + 7*v - 10. Let l(s) = 5*s**2 - 7*s + 10. Let i(a) = -3*l(a) - 4*z(a). What are the prime factors of i(8)?
2, 3
Suppose -6*d + 3*d = -651. What are the prime factors of d?
7, 31
Let b(q) = -q**3 - 8*q**2 + 5*q - 11. Let y be b(-9). Let x = y - 13. Suppose -5*k - 2 = 4*f, -5*f - x = -3*k - 3*f. List the prime factors of k.
2
Suppose -7*i + 10 = -2*i. Suppose c = 3*q - 165, -i*q - 3*c + 93 = 2*c. What are the prime factors of q?
2, 3
Let i(z) = 4*z - 12. Let u(v) = -v. Let x(b) = i(b) + 2*u(b). Let d = -13 - -21. What are the prime factors of x(d)?
2
Suppose -2*s = -0*s - 134. List the prime factors of s.
67
Let c(f) = -f**2 + 2*f + 2. Let d be c(5). Let w = d - -33. Suppose 6*r = r + w. What are the prime factors of r?
2
Let b = -1 + 2. What are the prime factors of 2 - -14*b/2?
3
Suppose -4*r + 550 = 5*l, -r + 208 = 2*l + 3*r. What are the prime factors of l?
2, 3, 19
Let u = -6 - -22. Suppose -3*o + u = -59. List the prime factors of o.
5
Let q = 107 - 63. List the prime factors of q.
2, 11
Let o(d) = -d - 2. Let j be o(-3). Let q = 1 - j. Suppose y = -g - q*y + 1, 0 = 4*g + 5*y - 2. What are the prime factors of g?
3
Let x be (-166)/(-10) + 4/10. Suppose 0 = -0*g + g - r - 2, 0 = g + 4*r - x. Suppose -5 = -g*o + 3*a + 31, -3*o = 3*a - 12. List the prime factors of o.
2, 3
Let r = -10 - -12. Suppose -5*n + 3*f = f - 126, r*n - 4*f - 60 = 0. List the prime factors of n.
2, 3
Suppose -16 = 5*b - 6. Let x = 3 + b. Let w = 12 - x. What are the prime factors of w?
11
Let p = -16 + 26. Suppose -p = v - 6*v. What are the prime factors of (v + -3)*10*-1?
2, 5
Suppose -73 = -3*p - 22. Let n be ((-22)/3)/((-2)/3). Let i = p - n. What are the prime factors of i?
2, 3
What are the prime factors of (-64)/(-2) + (4 - 5)?
31
Suppose 4*g - 372 = -4*y, 3*g = -7*y + 8*y + 287. What are the prime factors of g?
5, 19
Let l = -33 + 83. Let o(x) = x. Let z be o(2). Suppose -z*p + 5*a + 20 = 0, 5*p + a = -0*a + l. What are the prime factors of p?
2, 5
Let c(g) = g + 4. Suppose -j + 28 = 3*j - z, 0 = 3*j + 3*z - 21. Let y(s) = -4*s - 11. Let o(n) = j*c(n) + 2*y(n). What are the prime factors of o(0)?
2, 3
Suppose 0 = -2*q + 4*q. Suppose 4*c + k = -q*c + 47, 5*k = -4*c + 59. List the prime factors of c.
11
Suppose -a - 4*a = 0. Suppose a*m - 14 = -5*m - 3*v, -3*m - 2*v = -8. List the prime factors of m.
2
Let w(i) = -4 + 2 - 7*i + 0. What are the prime factors of w(-2)?
2, 3
Let v be (-8)/28 + (-44)/(-7). Suppose 2*i + 3*c = -4, 4*i - v*i = 2*c. What are the prime factors of i?
2
List the prime factors of (-846)/24*(-4)/1.
3, 47
Suppose -u = 3*u - 592. What are the prime factors of u?
2, 37
Let o = -371 - -641. List the prime factors of o.
2, 3, 5
Let l be 53/(-4) - 1/(-4). Let a = l + 19. List the prime factors of a.
2, 3
Let k(s) = -s**3 - 7*s**2 + 4*s - 7. Let x be k(-8). Suppose c - x = -4*c. Suppose 45 + c = 5*m - 5*r, 2*m - 11 = -r. List the prime factors of m.
7
Let d(r) = r**2 + 18*r + 20. List the prime factors of d(-21).
83
Let j(o) = -6*o + 2. What are the prime factors of j(-8)?
2, 5
List the prime factors of 121/(-33)*(-1 + -2).
11
Suppose -3*m + 2*m = 32. Let b = -7 - m. What are the prime factors of b?
5
Suppose 2*m + 6 = 4*p, -2*m - 5 = 5*p + 1. What are the prime factors of 5 - (-6 + 0 - m)?
2
Let k = 17 - 5. Let z be (-9)/k + 3/(-12). What are the prime factors of 2 - (-11 + 1/z)?
2, 7
Suppose -9*c = -13 - 86. List the prime factors of c.
11
Suppose -9*c = -4*c - 50. What are the prime factors of c?
2, 5
Let m = -20 - -65. List the prime factors of m.
3, 5
Let p(w) = w**2 - 9. Let c be p(-11). Suppose 0 = 3*l + 2*t - c, 0 = 2*l - 2*t - 77 + 9. List the prime factors of l.
2, 3
Let d(s) = 34*s - 4. List the prime factors of d(9).
2, 151
Let h(l) = 2*l + 4 + 2*l**2 - 2 - 1 - 2*l**3. Let z be h(-1). Suppose 5 = o, 2*o = -2*a + z + 13. What are the prime factors of a?
3
Suppose 2 = 4*m + 5*x + 335, -4*m - 4*x - 328 = 0. Let f = m + 132. Suppose -6*p = -p - f. List the prime factors of p.
11
Suppose -146 = -11*m + 10*m. List the prime factors of m.
2, 73
Let x(i) = -2*i**3 + i**3 + 11*i**2 + 1 - 15*i**2 - 2*i. What are the prime factors of x(-4)?
3
Suppose -4*x + 29 = 9. Suppose -2*z + 2 = 4*c - 6, x*z + 5*c - 25 = 0. List the prime factors of z.
2, 3
Suppose i + 18 = 3*d